What is the highest common divisor of 8 and h?
8
Let j = -15 + 21. Suppose -z - 3*z + 125 = 5*k, z = -5*k + 110. Let v = 36 - k. Calculate the greatest common factor of v and j.
3
Let h = -93 - -109. Calculate the highest common factor of 24 and h.
8
Let h(n) = n**3 + 4*n**2 - 7*n. Let z be h(-5). Suppose 10*s - 5*s = 1500. Suppose -4*g = -g - s. Calculate the highest common divisor of g and z.
10
Suppose -487 = 5*q + 458. Let r = -129 - q. What is the greatest common factor of r and 12?
12
Let m = 2 + 1. What is the greatest common factor of m and 21?
3
Let m = -13 + 22. Let r(s) = 0*s**2 + 1 + 6 + 0 + s**2 + m*s. Let o be r(-14). What is the highest common divisor of o and 11?
11
Suppose -1 = -2*m + 7. Suppose o = -m*o + 65. Suppose 2*n = -3*i + 123, 4*n + 5 = 17. What is the highest common divisor of o and i?
13
Suppose 2 = -2*n + 10. Suppose n*u = 5*o - 3*o + 32, 0 = 2*u + 2*o - 22. Calculate the greatest common factor of 3 and u.
3
Let m be (-6)/12 - 11/(-2). Suppose -2*h - m = -3*h. What is the greatest common factor of 25 and h?
5
Let m(w) = w**2 - 4*w + 4. Suppose a - 5*a = -12. Let g be m(a). What is the highest common divisor of g and 7?
1
Suppose -2*i = -6 - 0. Suppose 0 = -3*t - i + 18. Calculate the highest common factor of t and 45.
5
Let v(n) = -5*n - 12. Let m be v(-6). Calculate the greatest common factor of m and 6.
6
Suppose f + 5 = 2*f. Suppose -g + 4*p = 17, g - p = -4*p + 18. Suppose 0 = -g*m + 63 + 57. What is the greatest common factor of f and m?
5
Suppose -2*f = -2*y - 16, -f + 2*y + 2*y + 8 = 0. Suppose 0 = 4*k - v - f, 5*k + 7 = 4*v + 28. Let l = 7 - k. Calculate the highest common divisor of 66 and l.
6
Suppose 0 = u - 140 - 4. Suppose 0 = 2*b + 3*b + 5*n - 95, 2*b - 4*n = 32. What is the greatest common factor of b and u?
18
Suppose c - 13 = 4. Let x = 41 - c. What is the greatest common divisor of 36 and x?
12
Suppose 154 - 6 = 4*d. Suppose 2*f + d = 101. Suppose -6 = -2*b + 2. Calculate the highest common divisor of f and b.
4
Let q(u) = u + 21. Let h be q(3). Calculate the greatest common divisor of 36 and h.
12
Suppose -8 = -2*f - 0. Suppose 0*w = f*d + 2*w - 518, -3*w = -4*d + 503. Calculate the greatest common divisor of 16 and d.
16
Let a = 1 + -3. Let g be a + ((-6)/3 - -38). Calculate the highest common divisor of g and 51.
17
Let z = 0 + -1. Let g be (z - -1 - -4) + -2. Let h be (-1)/(-2)*g*2. Calculate the highest common factor of 4 and h.
2
Suppose l + 2*o = 48, l + 4*o = -0*o + 54. Calculate the greatest common divisor of 56 and l.
14
Let r(y) = 2*y + 5. Let t be r(0). Suppose -2*f - 3*a = 2*a + 16, -t*a - 26 = -3*f. Calculate the greatest common divisor of 14 and f.
2
Let k(r) = -r**2 + 25*r + 8. Let z be k(14). Calculate the highest common divisor of z and 18.
18
Suppose -4*i - 31 = -139. Calculate the highest common factor of 3 and i.
3
Let p be 6/(-2) - -24 - 5. Calculate the highest common divisor of 32 and p.
16
Let k(o) = 6*o - 41. Let n be k(8). Calculate the greatest common divisor of n and 77.
7
Let w(d) = 8*d + 0*d**2 + d - 2*d + d**2. Let m be w(-9). Suppose m = l + l. What is the highest common factor of l and 9?
9
Suppose -3*m + 148 = -236. Calculate the greatest common divisor of 32 and m.
32
Suppose -6 - 14 = 4*d. Let s(u) = u**2 + 4*u + 11. Let r be s(d). Calculate the highest common factor of r and 4.
4
Suppose 21 = 5*w - 2*w. Let u(b) = 5*b**2 + b + 1. Let g be u(-1). Suppose -4*s - g = -145. Calculate the greatest common factor of s and w.
7
Suppose 2*c - 9 - 3 = 0. What is the highest common divisor of 54 and c?
6
Suppose i = 3*i - 2. Calculate the greatest common divisor of 3 and i.
1
Suppose 0 = -2*x - x. Suppose -4*t - 21 = -r, x = -2*r + 2*t - 0*t + 12. Let v be r/(-2 + (-9)/(-3)). Calculate the greatest common factor of v and 1.
1
Suppose 2*h - 143 = 17. What is the highest common factor of 10 and h?
10
Let d = 92 - 37. Let f = d + -21. Let z = -59 - -144. Calculate the greatest common divisor of f and z.
17
Suppose s + 75 = 3*s + 3*y, -3*s + 2*y + 132 = 0. Calculate the highest common divisor of s and 14.
14
Suppose -32 = -p + 4*q, 10 + 27 = p - 5*q. Calculate the greatest common factor of 3 and p.
3
Let m be (7/(-3))/((-1)/9). Suppose 3*h - q - 18 = 0, 4*h - 18*q + 21*q - 37 = 0. What is the greatest common divisor of m and h?
7
Let y be (552/(-14))/(-2) - (-12)/42. What is the greatest common factor of 4 and y?
4
Let n be (-2)/(-8) + 849/12. Suppose -n = -3*g - 20. Let j(p) = -9*p**3 - p**2 + p + 2. Let u be j(-2). What is the greatest common divisor of u and g?
17
Let t(n) = -5*n + 1. Let f be t(-1). Calculate the highest common divisor of 42 and f.
6
Let d be 2/(-10) - 12/(-10). What is the greatest common factor of d and 7?
1
Let o(x) = -x**2 - 5*x - 2. Let b be o(-10). Let k = b - -84. Suppose -3*q + 19 = -5. What is the highest common divisor of q and k?
8
Suppose j - 6*j + 10 = 5*h, -4*j - 4 = h. Let o be (8/j)/(-1) + 0. Suppose -7*a + 10 = -2*a. What is the greatest common divisor of o and a?
2
Let v be 1 - -82*(-3)/(-6). Let r = 105 - v. Calculate the highest common factor of 9 and r.
9
Suppose -k + 5*u = -35, -3*k + 2*u = -7*k + 30. Calculate the highest common divisor of k and 15.
5
Let m(h) be the third derivative of -h**6/120 + h**5/20 - h**3/3 + 2*h**2. Let j be m(2). Calculate the highest common factor of j and 10.
2
Let h(t) = t**3 - t**2 + t. Let g be h(1). Suppose -3*c + 1 = -32. What is the highest common factor of g and c?
1
Let m = -3 + 5. Let b be (-644)/(-4) + m*-1. Let x be b/15 - (-2)/5. Calculate the highest common factor of x and 44.
11
Let g(i) = -15*i + 6. Let v be g(-5). What is the highest common divisor of v and 9?
9
Suppose 3*f = -i - 17 - 7, -5*f = -5*i - 20. Let o be 12/i*75/(-2). What is the greatest common divisor of 10 and o?
10
Suppose -4*m = -12, -3*m - 12 = -4*g + 11. Suppose -1 = l - 21. Calculate the greatest common divisor of l and g.
4
Let i = 35 - 21. Calculate the greatest common factor of 21 and i.
7
Let f = 17 + -2. Suppose 0*d - d + 120 = 0. What is the highest common factor of d and f?
15
Let o = -6 + 9. Suppose -o*c - 2*n - 10 = c, 7 = -4*c - 3*n. Let f be (c/6)/((-1)/156). What is the greatest common factor of f and 13?
13
Let m = -11 + 18. Let z be 6/(-10) - 84/(-15). Suppose 6*f = z*f + 49. Calculate the highest common factor of f and m.
7
Let h(p) = -p**3 + p**2 + 6*p - 7. Let y be h(3). Let d be (-39)/(-5) - y/35. What is the highest common divisor of 32 and d?
8
Suppose y + 436 = 5*t + 5*y, 0 = 3*t + 5*y - 272. Let z = 58 - 37. What is the greatest common divisor of t and z?
21
Suppose -2*f + 103 = x, 5*x + 24 - 175 = -3*f. Suppose 5*h + 3 = 68. What is the highest common divisor of h and f?
13
Let i(p) = -5*p + 0*p - p**2 - 12 + 2*p**2 + 3. Let o be i(9). What is the highest common factor of o and 3?
3
Let z be (-1 + 2)/((-1)/(-13)). Let w = 36 + -23. Calculate the greatest common factor of z and w.
13
Suppose -3*i + 2*l = -23, 0*l + 5 = 5*i + 5*l. Suppose -2*t - 7 - i = 0. Let z be (2/t)/(6/(-18)). Calculate the greatest common factor of z and 8.
1
Let k(m) = -m**3 - 3*m**2 + 6*m + 3. Let w be k(-4). Let y = 87 + w. Suppose -y = -3*q + 110. Calculate the greatest common factor of q and 8.
8
Let v = 79 + -42. Suppose 0*q + 5*q = -n + 34, 3*n - v = -2*q. What is the highest common factor of 9 and n?
9
Let h(r) = -r**3 + 7*r**2 + 3*r - 12. Let y be h(7). What is the greatest common factor of y and 3?
3
Let j be (1 - 2)*-17*1. Suppose 4*k - 11*q + 16*q = 224, k + 4*q = 67. Calculate the greatest common divisor of k and j.
17
Let z(m) = -m**3 + 5*m**2 + 3*m - 5. Let q be 216/40 - 2/5. Let l be z(q). Suppose -37 = -2*n + 23. What is the greatest common divisor of n and l?
10
Let n(r) = -r**3 + 7*r**2 - r + 9. Let w be n(7). Let g = 9 - w. Let j = 124 + -75. What is the highest common divisor of g and j?
7
Let v be (120/28)/(-2 + (-29)/(-14)). What is the highest common divisor of 24 and v?
12
Suppose 3*t = -3*t + 54. Calculate the highest common divisor of 18 and t.
9
Let t be (20/16)/(1/24). Suppose 2*y + f + 6 = 19, -3*y + 2*f = -t. Calculate the greatest common factor of y and 16.
8
Let v = -9 - -26. Let q be 33 + 0 + (2 - 1). What is the greatest common factor of q and v?
17
Let y(t) = -t**2 + 30*t - 27*t + 4 + 